52 and 470.
94
Calculate the greatest common factor of 75 and 800.
25
Calculate the greatest common divisor of 2743 and 13.
13
Calculate the highest common divisor of 34 and 5933.
17
What is the highest common divisor of 112 and 7896?
56
What is the greatest common factor of 19 and 6593?
19
Calculate the highest common divisor of 1813 and 37.
37
Calculate the greatest common divisor of 72195 and 15.
15
What is the greatest common divisor of 438 and 30?
6
What is the highest common divisor of 12427 and 1156?
289
What is the greatest common divisor of 5915 and 105?
35
What is the greatest common divisor of 96 and 36?
12
What is the highest common factor of 4851 and 198?
99
What is the highest common divisor of 553 and 14?
7
What is the greatest common divisor of 300 and 12?
12
What is the highest common factor of 613 and 8?
1
Calculate the highest common factor of 70 and 28.
14
What is the highest common factor of 221 and 520?
13
Calculate the greatest common factor of 658 and 8366.
94
Calculate the greatest common factor of 648 and 48.
24
Calculate the highest common divisor of 528 and 19932.
132
What is the highest common factor of 289 and 1224?
17
Calculate the greatest common factor of 67 and 1072.
67
Calculate the highest common factor of 12 and 512.
4
Calculate the greatest common divisor of 210 and 105.
105
What is the greatest common divisor of 2325 and 1705?
155
What is the greatest common factor of 1235 and 325?
65
What is the greatest common factor of 6 and 102?
6
Calculate the greatest common factor of 375 and 3.
3
What is the greatest common divisor of 80 and 460?
20
What is the highest common factor of 36 and 27?
9
What is the greatest common factor of 21936 and 96?
48
What is the highest common divisor of 120 and 3504?
24
Calculate the highest common factor of 17 and 2329.
17
What is the greatest common divisor of 1457 and 31?
31
Calculate the highest common divisor of 1021 and 1.
1
Calculate the greatest common divisor of 192 and 72.
24
Calculate the highest common factor of 20 and 160.
20
Calculate the greatest common factor of 152 and 8.
8
Calculate the greatest common divisor of 306 and 666.
18
What is the greatest common divisor of 42 and 63?
21
What is the highest common divisor of 68 and 348?
4
Calculate the greatest common divisor of 164 and 5002.
82
What is the highest common divisor of 1651 and 143?
13
Calculate the highest common divisor of 8 and 2104.
8
Calculate the highest common factor of 176 and 104.
8
What is the highest common factor of 114 and 9?
3
What is the greatest common divisor of 4 and 356?
4
Calculate the greatest common factor of 152 and 40.
8
Calculate the highest common divisor of 2580 and 60.
60
What is the greatest common factor of 700 and 25?
25
Calculate the greatest common divisor of 1486 and 1.
1
What is the greatest common divisor of 150 and 12675?
75
Calculate the highest common divisor of 3783 and 39.
39
Calculate the greatest common divisor of 588 and 882.
294
What is the highest common factor of 102 and 34?
34
What is the greatest common divisor of 48 and 6492?
12
What is the greatest common factor of 7 and 38?
1
Calculate the greatest common divisor of 59382 and 36.
18
Calculate the greatest common divisor of 403 and 93.
31
Calculate the greatest common factor of 10165 and 642.
107
Calculate the greatest common divisor of 16766 and 166.
166
What is the greatest common factor of 685 and 5?
5
Calculate the highest common factor of 72 and 248.
8
Calculate the greatest common divisor of 75 and 75.
75
Calculate the greatest common divisor of 13 and 923.
13
Calculate the highest common factor of 30 and 123.
3
Calculate the highest common factor of 10199 and 434.
217
Calculate the greatest common divisor of 1196 and 391.
23
What is the highest common factor of 20497 and 103?
103
Calculate the highest common factor of 41 and 35547.
41
Calculate the greatest common factor of 78 and 195.
39
What is the highest common factor of 20 and 1060?
20
Calculate the greatest common divisor of 12 and 177.
3
Calculate the highest common factor of 141 and 3.
3
What is the highest common divisor of 9 and 2439?
9
What is the greatest common factor of 88 and 22?
22
What is the highest common factor of 46 and 4738?
46
What is the highest common divisor of 522 and 58?
58
What is the greatest common divisor of 8774 and 82?
82
What is the highest common factor of 21 and 117?
3
What is the greatest common divisor of 5595 and 15?
15
What is the greatest common divisor of 2 and 362?
2
What is the highest common factor of 53 and 3127?
53
Calculate the highest common factor of 32 and 1.
1
Calculate the highest common factor of 15 and 60.
15
What is the highest common divisor of 27454 and 28?
14
What is the highest common factor of 95 and 513?
19
Calculate the greatest common factor of 38840 and 40.
40
Calculate the greatest common factor of 39 and 96.
3
What is the highest common factor of 20 and 95?
5
Calculate the highest common factor of 425 and 25.
25
What is the highest common factor of 2 and 19862?
2
Calculate the highest common factor of 200 and 15.
5
What is the highest common divisor of 217 and 378?
7
What is the greatest common divisor of 34 and 578?
34
Calculate the greatest common divisor of 992 and 62.
62
Calculate the highest common divisor of 120 and 60.
60
What is the highest common divisor of 5941 and 13?
13
Calculate the greatest common divisor of 16 and 688.
16
Calculate the highest common factor of 26 and 754.
26
What is the greatest common factor of 5154 and 12?
6
What is the greatest common factor of 36 and 11565?
9
Calculate the greatest common factor of 1007 and 5088.
53
Calculate the highest common divisor of 2226 and 126.
42
Calculate the highest common factor of 1886 and 82.
82
What is the highest common factor of 1769 and 488?
61
What is the greatest common factor of 56 and 64?
8
What is the greatest common factor of 33 and 3?
3
What is the greatest common divisor of 4182 and 30?
6
What is the highest common divisor of 612 and 187?
17
Calculate the greatest common factor of 22 and 101002.
22
What is the highest common divisor of 460 and 590?
10
What is the highest common divisor of 33 and 31053?
33
What is the greatest common factor of 45 and 549?
9
What is the highest common factor of 3 and 11607?
3
What is the highest common divisor of 688 and 116?
4
Calculate the greatest common divisor of 156 and 16614.
78
Calculate the highest common factor of 4565 and 165.
55
What is the greatest common factor of 34484 and 444?
148
Calculate the greatest common divisor of 34 and 119.
17
Calculate the greatest common divisor of 505 and 101.
101
What is the highest common divisor of 137 and 1?
1
What is the highest common factor of 231 and 165?
33
What is the highest common divisor of 55 and 143?
11
What is the highest common divisor of 475 and 114?
19
Calculate the highest common factor of 20 and 590.
10
Calculate the highest common factor of 77 and 14.
7
Calculate the greatest common divisor of 348 and 22098.
174
Calculate the greatest common divisor of 88 and 286.
22
Calculate the greatest common factor of 140 and 570.
10
Calculate the highest common factor of 1300 and 52.
52
Calculate the highest common factor of 1242 and 144.
18
What is the highest common factor of 47 and 2?
1
Calculate the highest common divisor of 168 and 51576.
168
Calculate the greatest common divisor of 57 and 9.
3
Calculate the highest common divisor of 22 and 722.
2
What is the greatest common divisor of 144 and 176?
16
What is the highest common divisor of 180 and 32?
4
Calculate the greatest common divisor of 94 and 16920.
94
What is the highest common divisor of 26 and 6773?
13
What is the greatest common factor of 42 and 4074?
42
What is the greatest common divisor of 141 and 21?
3
Calculate the greatest common divisor of 86 and 43.
43
Calculate the highest common divisor of 81 and 2349.
81
Calculate the highest common divisor of 429 and 312.
39
What is the greatest common divisor of 168 and 384?
24
What is the highest common divisor of 15364 and 368?
92
What is the greatest common divisor of 153 and 68?
17
What is the greatest common factor of 52 and 13?
13
Calculate the highest common factor of 442 and 102.
34
What is t